8
What is -22221120221011 (base 3) in base 14?
-8bad45
42450555 (base 6) to base 7
13426544
Convert 1001112112212 (base 3) to base 2.
10001001001001000011
What is 713828 (base 14) in base 8?
16427234
What is 2330507 (base 8) in base 13?
193181
What is 19973 (base 15) in base 13?
2babb
-94702 (base 12) to base 6
-4100402
Convert 1001022212101 (base 3) to base 7.
4511422
Convert -96586 (base 16) to base 11.
-390741
5104007 (base 8) to base 2
101001000100000000111
-234265 (base 10) to base 6
-5004321
What is 121021202211 (base 3) in base 4?
1032101101
Convert 497492 (base 10) to base 12.
1bba98
Convert -2d1d9 (base 15) to base 14.
-3b08a
What is -205219 (base 10) in base 3?
-101102111201
What is -167d9 (base 16) in base 10?
-92121
-43109e (base 15) to base 6
-152233535
Convert 43040010 (base 5) to base 7.
3035021
What is -1361027 (base 8) in base 5?
-44314214
Convert 466433 (base 7) to base 5.
10141122
Convert 80085 (base 9) to base 13.
1ac06
-12122112202 (base 3) to base 6
-2214502
Convert 1263451 (base 8) to base 4.
1112130221
What is -27416 (base 8) in base 2?
-10111100001110
Convert 111302 (base 7) to base 9.
30018
Convert -110101110001111101 (base 2) to base 9.
-365151
What is 1260c (base 16) in base 3?
10211021000
15576546 (base 9) to base 7
123116124
What is 5529a (base 13) in base 5?
14414010
Convert -324123112 (base 5) to base 13.
-39b1b0
Convert -955bc (base 13) to base 10.
-269034
-a8d3 (base 15) to base 16
-8ba4
What is -a25da (base 16) in base 4?
-2202113122
-1101010111101011101111 (base 2) to base 11
-1a842a4
What is 1120010102 (base 3) in base 15?
9175
2432002 (base 8) to base 5
132344144
What is -230012 (base 12) in base 7?
-4521215
What is 201022020 (base 4) in base 14?
376d2
115007 (base 9) to base 12
340ba
Convert -38488 (base 9) to base 10.
-25919
What is -832c2 (base 16) in base 8?
-2031302
-2b20ac (base 15) to base 12
-845209
What is 1441432011 (base 5) in base 6?
214410513
Convert -1221112112100 (base 3) to base 16.
-fc77d
What is 9761c (base 13) in base 4?
1002300323
Convert 65cba2 (base 14) to base 15.
483735
What is 36761 (base 9) in base 2?
110000001100111
What is 101111011111101001000 (base 2) in base 12?
630774
What is -66bad (base 16) in base 15?
-84a21
What is 112222100110100 (base 3) in base 13?
1858785
Convert 164637 (base 14) to base 3.
1110122200012
What is -20321323 (base 4) in base 8?
-107173
Convert 12210212011012 (base 3) to base 13.
8413a6
Convert 10101101111111001 (base 2) to base 14.
2466d
1011100100011011000101 (base 2) to base 13
822553
Convert 387be8 (base 15) to base 6.
134023415
What is 1121122001102 (base 3) in base 9?
1548042
-5441525 (base 6) to base 7
-2203055
-12321134 (base 5) to base 10
-120169
Convert -19134c (base 14) to base 15.
-127c13
42800 (base 12) to base 13
30b0a
5092a4 (base 11) to base 3
1112112112010
What is -26748a (base 15) in base 2?
-111000010111101110011
-13002200 (base 6) to base 16
-66a38
Convert 2331238 (base 10) to base 13.
638140
1030421122 (base 5) to base 11
1273a54
What is 200015 (base 8) in base 13?
23ab3
What is 239ab6 (base 12) in base 3?
1002022111110
Convert -298934 (base 11) to base 9.
-778663
What is 11133232 (base 5) in base 8?
301570
1405 (base 10) to base 3
1221001
What is -10452115 (base 6) in base 16?
-4da2f
What is -231421234 (base 5) in base 16?
-ff2ca
What is -3512134 (base 6) in base 13?
-642ac
14220637 (base 8) to base 12
10b3427
-110111100010110110100 (base 2) to base 16
-1bc5b4
11000101000000000100 (base 2) to base 6
25143420
10112233111 (base 4) to base 15
178447
What is -321232111 (base 4) in base 5?
-30031222
What is 5003513 (base 6) in base 8?
711205
49eed0 (base 15) to base 11
20004a4
Convert -42a3849 (base 12) to base 15.
-119eb03
Convert -270776 (base 10) to base 14.
-70972
Convert -430237 (base 9) to base 14.
-69471
Convert -3106640 (base 7) to base 4.
-1122312212
Convert 2323110 (base 7) to base 15.
5b606
What is -20102213 (base 4) in base 7?
-201002
What is -174fa (base 16) in base 10?
-95482
Convert -1130032032 (base 4) to base 7.
-3132201
-20230401 (base 5) to base 8
-501174
What is -290a181 (base 11) in base 4?
-103012030111
-406304 (base 13) to base 10
-1498865
What is 2341243342 (base 5) in base 4?
110222020300
-12220010100020 (base 3) to base 12
-1070629
Convert -858686 (base 15) to base 6.
-344124413
Convert 203124 (base 6) to base 4.
3331330
Convert -2829553 (base 12) to base 16.
-7a61cf
-539931 (base 10) to base 7
-4406100
872427 (base 9) to base 15
a41a1
What is -6017 (base 16) in base 9?
-36662
3311208 (base 12) to base 7
145452131
What is 411252455 (base 6) in base 9?
14262048
Convert 366248 (base 14) to base 2.
111000110010100011000
-b22a (base 12) to base 14
-708a
1333243000 (base 5) to base 13
927742
What is -231000010 (base 4) in base 15?
-39934
11110011011011010 (base 2) to base 16
1e6da
Convert -242325354 (base 6) to base 9.
-8580207
What is -1014240302 (base 5) in base 10?
-2102577
Convert -3a4914 (base 14) to base 8.
-7526426
1023100311 (base 4) to base 2
1001011010000110101
24002266 (base 7) to base 6
113223534
Convert 4431441 (base 6) to base 15.
45ba1
5223422 (base 8) to base 6
45413510
What is -904b9c (base 15) in base 13?
-155b164
What is -652a618 (base 11) in base 15?
-101ad23
What is 10001010100011101110 (base 2) in base 9?
1054453
What is -187260 (base 12) in base 11?
-271a42
1010001101000100111 (base 2) to base 13
b9272
Convert 11032033323 (base 4) to base 7.
14431332
99794 (base 11) to base 9
240435
What is -412586 (base 9) in base 4?
-323233122
-1033526 (base 7) to base 16
-1ecc2
18620b3 (base 13) to base 14
10b78c3
What is 841590 (base 12) in base 9?
3813850
Convert 11100000011000110101 (base 2) to base 10.
919093
What is -122305626 (base 7) in base 14?
-1045dbd
Convert 86105 (base 9) to base 15.
11d18
Convert 486 (base 9) to base 16.
192
Convert 101133 (base 7) to base 4.
10031013
Convert 222001000111 (base 3) to base 12.
208704
-1347 (base 10) to base 3
-1211220
-2c832 (base 14) to base 15
-22eec
Convert -1100111010000000 (base 2) to base 15.
-109e4
-112133414 (base 5) to base 14
-d2300
What is -3014035 (base 7) in base 10?
-356746
What is 11010001000101001 (base 2) in base 6?
2143333
1030211123 (base 4) to base 13
aca21
What is -113000131 (base 4) in base 15?
-1cdc7
151653566 (base 7) to base 9
21025228
Convert 86386 (base 10) to base 5.
10231021
Convert -69966 (base 11) to base 14.
-28b34
What is 708055 (base 11) in base 14?
218a65
What is 946a (base 15) in base 4?
13222033
What is 1012301032 (base 4) in base 11?
188869
341415 (base 7) to base 5
3414301
What is 5235501 (base 6) in base 13?
8b7b0
Convert -83542 (base 13) to base 11.
-151326
What is 30cb5 (base 14) in base 12?
58193
-2633413 (base 10) to base 4
-22002323011
What is -4a4016 (base 11) in base 14?
-16a0dd
Convert 2625 (base 12) to base 13.
1c97
Convert 119abe (base 16) to base 7.
12543430
What is 113303133 (base 4) in base 15?
1dd53
Convert -1744c9 (base 15) to base 14.
-2152b9
What is -18923 (base 16) in base 9?
-163045
What is -100010111000000010001 (base 2) in base 5?
-243032201
-be78d (base 16) to base 7
-6426362
What is 112400212 (base 6) in base 7?
23466641
12340104 (base 5) to base 10
121279
Convert -244204030 (base 6) to base 8.
-21670462
Convert -5e049 (base 16) to base 13.
-10638b
What is -210001120120 (base 3) in base 9?
-701516
What is -121311003 (base 5) in base 9?
-1062443
-2ad6e4 (base 15) to base 13
-576517
-10064120 (base 7) to base 6
-25554012
What is 12121003002 (base 4) in base 11?
a44884
What is -1084346 (base 9) in base 16?
-8f57a
What is 2001521415 (base 6) in base 16?
134e5b3
What is -220331122 (base 4) in base 8?
-507532
Convert 601576 (base 9) to base 8.
1266251
What is 2210220022020 (base 3) in base 12?
600673
What is -2011122001 (base 3) in base 7?
-235420
Convert -3a2870 (base 12) to base 2.
-11101010000001010100
What is -32ac3d (base 15) in base 8?
-11156413
Convert -10182d (base 15) to base 7.
-6333064
2189300 (base 11) to base 14
71b159
What is -100213110 (base 4) in base 6?
-1243020
What is -5053274 (base 11) in base 15?
-bb7786
What is 10010101110001110110 (base 2) in base 13?
18631b
Convert 121112 (base 8) to base 10.
41546
Convert 11311104 (base 5) to base 15.
20bbe
Convert 5b7483 (base 13) to base 9.
4